{"id":1991,"date":"2025-01-15T10:49:20","date_gmt":"2025-01-15T09:49:20","guid":{"rendered":"https:\/\/szpitalswjozefa.pl\/?page_id=1991"},"modified":"2025-01-16T12:17:39","modified_gmt":"2025-01-16T11:17:39","slug":"uslugi-komercyjne","status":"publish","type":"page","link":"https:\/\/szpitalswjozefa.pl\/?page_id=1991","title":{"rendered":"Us\u0142ugi komercyjne"},"content":{"rendered":"\t\t<div data-elementor-type=\"wp-page\" data-elementor-id=\"1991\" class=\"elementor elementor-1991\">\n\t\t\t\t<div class=\"elementor-element elementor-element-e56b90e e-flex e-con-boxed e-con e-parent\" data-id=\"e56b90e\" data-element_type=\"container\">\n\t\t\t\t\t<div class=\"e-con-inner\">\n\t\t\t\t<div class=\"elementor-element elementor-element-047ac0a elementor-widget elementor-widget-text-editor\" data-id=\"047ac0a\" data-element_type=\"widget\" data-widget_type=\"text-editor.default\">\n\t\t\t\t<div class=\"elementor-widget-container\">\n\t\t\t\t\t\t\t\t\t<p><strong>US\u0141UGI KOMERCYJNE <\/strong><\/p><p>W Szpitalu \u015bw. J\u00f3zefa \u015bwiadczymy tak\u017ce us\u0142ugi komercyjne w zakresie:<\/p><ul><li>Endoskopii<\/li><li>Neurochirurgii<\/li><li>Laryngologii<\/li><li>Chirurgii<\/li><li>Rentgenografii (RTG)<\/li><li>Tomografii Komputerowej (TK)<\/li><li>Diagnostyki laboratoryjnej.<\/li><\/ul>\t\t\t\t\t\t\t\t<\/div>\n\t\t\t\t<\/div>\n\t\t\t\t\t<\/div>\n\t\t\t\t<\/div>\n\t\t\t\t<\/div>\n\t\t","protected":false},"excerpt":{"rendered":"<p>US\u0141UGI KOMERCYJNE W Szpitalu \u015bw. J\u00f3zefa \u015bwiadczymy tak\u017ce us\u0142ugi komercyjne w zakresie: Endoskopii Neurochirurgii Laryngologii Chirurgii Rentgenografii (RTG) Tomografii Komputerowej (TK) Diagnostyki laboratoryjnej.<\/p>\n","protected":false},"author":1,"featured_media":0,"parent":0,"menu_order":0,"comment_status":"closed","ping_status":"closed","template":"","meta":{"footnotes":""},"class_list":["post-1991","page","type-page","status-publish","hentry"],"_links":{"self":[{"href":"https:\/\/szpitalswjozefa.pl\/index.php?rest_route=\/wp\/v2\/pages\/1991","targetHints":{"allow":["GET"]}}],"collection":[{"href":"https:\/\/szpitalswjozefa.pl\/index.php?rest_route=\/wp\/v2\/pages"}],"about":[{"href":"https:\/\/szpitalswjozefa.pl\/index.php?rest_route=\/wp\/v2\/types\/page"}],"author":[{"embeddable":true,"href":"https:\/\/szpitalswjozefa.pl\/index.php?rest_route=\/wp\/v2\/users\/1"}],"replies":[{"embeddable":true,"href":"https:\/\/szpitalswjozefa.pl\/index.php?rest_route=%2Fwp%2Fv2%2Fcomments&post=1991"}],"version-history":[{"count":7,"href":"https:\/\/szpitalswjozefa.pl\/index.php?rest_route=\/wp\/v2\/pages\/1991\/revisions"}],"predecessor-version":[{"id":2382,"href":"https:\/\/szpitalswjozefa.pl\/index.php?rest_route=\/wp\/v2\/pages\/1991\/revisions\/2382"}],"wp:attachment":[{"href":"https:\/\/szpitalswjozefa.pl\/index.php?rest_route=%2Fwp%2Fv2%2Fmedia&parent=1991"}],"curies":[{"name":"wp","href":"https:\/\/api.w.org\/{rel}","templated":true}]}}